 highest common divisor of x and o?
49
Suppose 5*r + 175 = 5*d, d - 135 = 4*r - 2*d. Suppose 2 = 2*f - 2*l + 6, 0 = 4*f + 5*l + 26. Let w = f - r. What is the highest common divisor of w and 208?
26
Let t = 4394 + -4298. Let n(v) = 6*v**3 - 4*v**2 - 4*v + 8. Let m be n(4). Calculate the highest common factor of t and m.
24
Let o be 44/(-3) - ((-20)/6)/5. Let s be (-30)/105 - (1446/o + -1). Suppose -19 + s = 5*d. What is the highest common factor of d and 136?
17
Let m be (-21)/((36/(-2))/6). Suppose 12*k - m*k = 3*n - 22, 5*k = -3*n + 2. What is the greatest common divisor of n and 12?
4
Let r be (-2)/(((-2)/(-4))/((-9)/6)). Suppose -w = 4*g - 371, -469 = -5*g - 2*w + r*w. Calculate the highest common factor of g and 3.
3
Suppose 5 = p - 29. Suppose -5*s + 3*u - p = -0*u, -5*u = -s + 2. Let q be (-2 - s/2) + 78. Calculate the greatest common factor of q and 5.
5
Let s(c) be the second derivative of -c**4/12 - 5*c**3/3 + 101*c**2/2 + 298*c. Let v be s(-14). Calculate the highest common factor of 855 and v.
45
Suppose 490 = -1601*s + 1606*s. Calculate the highest common factor of 2940 and s.
98
Suppose 6*g - 5*g = -v - 89, 3*g + 247 = 2*v. Let a = g - -530. What is the greatest common factor of 5 and a?
5
Suppose -5*t + i + 0*i = -92, -3*t + 5*i = -42. Suppose t*c - 5282 = -665. What is the highest common divisor of 27 and c?
27
Let j be (-2)/1*(-290)/4 - (38 + -33). Calculate the highest common factor of j and 756.
28
Let s(p) = -p**2 + 80*p + 203. Let k be s(82). Calculate the highest common divisor of k and 741.
39
Let h = 41484 + -41444. Calculate the highest common factor of 472 and h.
8
Let a(t) = t**3 - 10*t**2 - 3*t - 13. Let f be a(7). Let q = 208 + f. Calculate the highest common divisor of q and 18.
9
Let x be 3/(12/8) + -29. Let s = x - -77. Suppose -3*f = -7*r + 6*r + 28, -4*f + 96 = 4*r. Calculate the greatest common divisor of r and s.
25
Suppose 0 = -s + 4*n + 11 + 11, -n = -s + 25. Suppose 490 = 32*z - 31*z + 2*t, 1478 = 3*z + 2*t. Calculate the greatest common factor of z and s.
26
Let b = 3064 + -3053. What is the highest common factor of 8459 and b?
11
Suppose 4*z - 3*y - 435 = 0, z + 219*y = 218*y + 114. What is the greatest common factor of 14578 and z?
37
Suppose 4*o - 5*d + 1672 = 0, d - 1301 + 36 = 3*o. Let w = -235 - o. What is the greatest common factor of w and 47?
47
Suppose 0 = -2*r - 17715 + 159131. Let p be r/297 - (-4)/(-54). What is the greatest common factor of p and 68?
34
Let r(x) = -8*x**3 - 49*x**2 - 8*x + 8. Let m be r(-6). Calculate the highest common factor of 5420 and m.
20
Let k(l) = -l**2 - 131*l + 4050. Let o be k(25). Suppose u - 2*y - 12 = 0, 4*u = 2*u - 4*y. What is the greatest common factor of u and o?
6
Let h be -1 + 52 + 0/(-1). Let u be 8449/7242 - 809/(-6). Calculate the greatest common factor of u and h.
17
Let s(z) = z + 5. Let c be s(0). Suppose 0 = c*q - q - 4. Let k be 3/(1 - 0) + (56 - 52). What is the highest common divisor of q and k?
1
Suppose -94*b + 96*b - 3*m - 719 = 0, 1068 = 3*b - m. Calculate the greatest common divisor of 71 and b.
71
Suppose 4*w = -5*g + g + 516, -3*g = 2*w - 386. Suppose -45*j + g = -49*j. Let i = 125 + j. What is the highest common divisor of 31 and i?
31
Suppose -5*r + 1 = c, 0*r + c = -4*r. Let u be (0 + -90 + 0)*(-5)/r. Suppose -5*o + u + 45 = 0. What is the highest common divisor of o and 9?
9
Let w(c) = -65*c - 142. Let l be w(-4). What is the greatest common factor of 34 and l?
2
Suppose -193*f + 20 = -189*f. Suppose -5*o = f*c - 115, -3*o + 4*c = -5*o + 56. What is the highest common factor of 18 and o?
18
Let i(t) = 2*t - 26. Let u be i(13). Suppose 4*s - 4*z - 8 = u, -3*s + 3 + 2 = -4*z. Calculate the highest common factor of s and 135.
3
Let n(k) = -2938*k - 10465. Let s be n(-9). What is the greatest common factor of 52 and s?
13
Suppose 5*b + 12 = -18. Let c be 118/(-3)*-3*(-5 - b). Suppose 0 = -115*p + c*p - 324. Calculate the highest common divisor of 12 and p.
12
Suppose 98 = 2*s + 4*n - 2*n, 4*n - 108 = -2*s. Let u(b) = 10*b + 7. Let z be u(3). Let m = z + s. What is the highest common factor of 54 and m?
27
Let l = -23 + 19. Let z be 7*l/((-140)/85). Calculate the highest common factor of z and 51.
17
Let z(d) = -2*d**3 - 7*d**2 - 19*d - 14. Let s be z(-4). Suppose 64*t - s*t + 238 = 0. What is the highest common divisor of t and 17?
17
Let l be (-2 - -54)*(1 - 0). Suppose -5*p = -3*p - l. Let s = 7247 + -7221. What is the greatest common divisor of p and s?
26
Suppose 3*j - 5*t = 2773 - 215, -2526 = -3*j - 3*t. What is the highest common divisor of j and 18?
18
Let t be ((-54)/15)/(2/(-210)). Suppose 0 = -3*b + 12*b - t. Calculate the greatest common divisor of b and 14.
14
Let x(o) = 157*o**3 + 44*o**2 - 21*o + 47. Let k be x(5). Calculate the greatest common factor of k and 249.
249
Let r(h) = -637*h + 5808. Let u be r(9). What is the highest common divisor of u and 6855?
15
Suppose 0 = t - 6*t + 60. Let y(h) = -h**3 - 45*h**2 - 207*h - 4. Let q be y(-40). What is the greatest common divisor of t and q?
12
Suppose -69748 = -5*x + d, -2727 - 11229 = -x - 3*d. What is the greatest common divisor of 50 and x?
50
Suppose 0 = 5*l + u - 70, 2*l + 40 = 3*l - 5*u. Suppose 115*i = 114*i + 13. Suppose 0 = i*g - 10*g - 405. What is the highest common factor of g and l?
15
Let j(q) = q**3 + 4*q**2 + 8. Let x be j(-4). Let d be 4*66/9*(x + -5). Calculate the greatest common factor of 8 and d.
8
Let w = -3722 - -7350. Calculate the highest common factor of w and 4.
4
Let c be (0 - 1)*(-6 - (6 - 14)). Let s be (-12 + 7 + -4)*c/2. Suppose 216 = 4*p - 144. What is the greatest common divisor of s and p?
9
Suppose -4*p - 2*r + 544 = 0, 17 = -2*r + 21. What is the greatest common factor of 1935 and p?
45
Suppose -g + 4*k - 887 = -4*g, -2*g + 5*k + 599 = 0. Suppose -28 = -8*z + 7*z. Let y = z - 1. Calculate the highest common divisor of g and y.
27
Suppose 5*j = 3*c - 24, -3*c + 22 = -j - 2. Calculate the highest common divisor of 548 and c.
4
Let c be (-1)/3 - 98/(-6). Let q(a) = 4704*a - 8 - 4708*a + 72. Let x be q(8). What is the highest common divisor of x and c?
16
Suppose -15*y + 9560 = -5065. Suppose -37*m + 42*m = y. What is the highest common divisor of 273 and m?
39
Let d = 132 - 132. Suppose d = 7*p - 29 + 120. Let u be (-2)/p + (250/(-13))/(-5). What is the greatest common factor of 8 and u?
4
Let c(h) be the second derivative of h**5/20 - 5*h**4/4 + 7*h**3/3 + 40*h**2 + 146*h. Let j be c(15). What is the highest common factor of j and 58?
58
Suppose -4*l - 8 = -4*f, 7*f - 5*f - 5*l - 10 = 0. Suppose k - 5*u = -2*u + 52, f = -3*k - 5*u + 114. What is the highest common factor of 43 and k?
43
Let j(k) = k**3 + 41*k**2 - 48*k - 406. Let s be j(-18). Calculate the highest common divisor of 70 and s.
70
Let m = -35209 + 55807. What is the greatest common factor of m and 6?
6
Let w(h) = -3*h + 1. Let z be w(-2). Suppose -14 - 4 = -6*l. Suppose l*a - 2*a - 6 = -4*m, m + 44 = 3*a. What is the highest common factor of z and a?
7
Let h be 24/(-42)*-70*(-75)/(-100). Suppose 3*r - 4 = -f + 2*f, r = -3*f + 8. Let w(b) = 6*b - 2. Let y be w(r). What is the highest common factor of h and y?
10
Suppose t - 500 = -4*t. Suppose 0 = -190*n + 2825 + 975. Calculate the highest common divisor of n and t.
20
Let c be ((-14)/(-6))/(1/6). Let v(y) = y**3 + 4*y**2 + y - 5. Suppose 3*l = 14 - 23. Let x be v(l). Calculate the highest common factor of x and c.
1
Let j be -6 + 1*(-1 - -42). Let v = -4 - -4. Let q = j + v. What is the highest common factor of q and 385?
35
Let j(g) = 2*g**2 + 53*g + 421. Let a be j(51). What is the highest common divisor of a and 46?
46
Let f = 18498 - 18002. Suppose 2*m - 114 = -2*g, 3*m + 3*g - 233 = -m. Calculate the greatest common factor of m and f.
62
Let i be 136/10 - ((-16)/(-5))/(-8). Let f(k) = -k**2 + 14*k + 33. Let r be f(i). Calculate the greatest common divisor of 627 and r.
33
Let i(a) = 4*a**2 - 239*a - 489. Let f be i(-2). Let h(b) = 11*b**2 - 3*b. Let j be h(3). What is the greatest common divisor of j and f?
5
Suppose -10*g + 7*g = -2*t - 14, 4*g - 2*t - 16 = 0. Suppose -4*w + 50 = 6*x - 3*x, -g*w - 38 = -3*x. Calculate the highest common divisor of 266 and x.
14
Let m = -2693 + 2733. What is the greatest common fact